hest common divisor of 21 and f?
21
Suppose -f + 8 = -3*y - 9, 25 = 5*y. What is the highest common factor of f and 16?
16
Suppose -12 = -7*h + h. Calculate the greatest common factor of 10 and h.
2
Let y be ((-507)/(-6))/13*1*46. What is the greatest common factor of 13 and y?
13
Let a be 18/4*(-64)/(-144). Let f = a - -6. What is the greatest common factor of f and 72?
8
Let l(w) = w**2 + 7*w - 4. Let t be l(-6). Let s be (-53)/(-5) + (-4)/t. Let r be 45 - (1 - 2)/(-1). Calculate the highest common factor of r and s.
11
Suppose 2*f - 2 = 2*i, -5*f - 5*i + 15 = -0*f. Suppose 5*w - 8 = 2*q + 12, f*w + q = 17. Let r = 4 - 1. What is the greatest common factor of w and r?
3
Let p = 62 + -34. Let k = -7 + 21. What is the greatest common divisor of p and k?
14
Suppose 0 = -3*p - p - 12. Let t be 2 + p + 5 - -80. Calculate the greatest common divisor of 21 and t.
21
Suppose m + 4*z - 3*z = 6, 14 = 5*m + z. Let d = 9 - 6. Suppose -5*u + 8 = d*x, 4*u = -x - 0*u + 5. Calculate the highest common divisor of x and m.
1
Let n be ((-62)/3)/(4/(-6)*1). What is the highest common factor of 279 and n?
31
Suppose -4*a + 38 = 2*r, -a - 5*r + 31 + 1 = 0. What is the greatest common factor of 63 and a?
7
Let k be 105*((-1)/(-3))/1. Suppose -5*w = -3*a - 2*a + 25, 2*a + 3*w - k = 0. What is the greatest common divisor of a and 80?
10
Let y be 0 - (-1 + -15 + 1). Let o(l) = -3*l - 2. Let q be o(-3). Let n be (-5)/((-15)/q)*45. Calculate the greatest common factor of y and n.
15
Suppose 5*y - 5*g - 140 - 380 = 0, -3*y + 277 = 4*g. What is the greatest common divisor of y and 9?
9
Let l(q) = 3*q + 4. Let i be l(-5). Let m be 69/(-3) + 1/1. Let a = i - m. Calculate the greatest common divisor of 88 and a.
11
Suppose -5*j + v = -752, 3*j - v - 410 = 42. What is the highest common divisor of 50 and j?
50
Suppose -4*g + 5*b = 9 - 29, 2*b - 8 = 0. Calculate the greatest common factor of g and 40.
10
Suppose 0*u - 22 = u - 5*a, 2*a = 2*u + 12. Let m be (1 + u - -4)*2. What is the greatest common divisor of m and 18?
6
Let t(j) = -j**3 + 8*j**2 - 5*j + 2. Let k be t(5). Let u be (k - -3) + (5 - 4). What is the greatest common divisor of u and 7?
7
Let n be 86/8 + 3/(-4). Suppose 4 = 2*b + n. Let a = b - -10. What is the greatest common factor of a and 7?
7
Let n = -360 - -732. What is the highest common factor of n and 12?
12
Let l(w) be the second derivative of 0*w**2 - 1/3*w**3 + 0 + w. Let a be l(-2). What is the greatest common divisor of 32 and a?
4
Suppose 3*m + 0*p = -2*p + 45, m - 2*p - 23 = 0. Let v = m - 6. Let n(c) = 54*c**2 - 2*c - 1. Let j be n(-1). What is the greatest common divisor of v and j?
11
Let v = 35 - 74. Let y = -6 - v. Suppose 4 = -r - 5*u, 2*r - 3*u = 3*r - 2. Calculate the greatest common divisor of y and r.
11
Let c = -17 - -18. Calculate the greatest common divisor of c and 1.
1
Let s(l) = 12*l - 1. Let q be s(-2). Let u(v) = 2*v**2 + 3*v + 1. Let f be u(-5). Let n = q + f. Calculate the highest common divisor of n and 33.
11
Let y(k) = k**2 - k + 6. Let g be y(-9). Let p = 0 + -28. Let j = p + 40. What is the highest common divisor of g and j?
12
Let j = 3 - 2. Suppose -5*o - 23 = 3*m - 6*m, 3*m = 2*o + 11. Suppose 0*x = x - m. What is the greatest common factor of j and x?
1
Let k = -3 - -5. Suppose -d - 12 = -k*d. Let a be ((-96)/(-1))/(-15 + 16). Calculate the highest common factor of a and d.
12
Suppose 0 = 5*q - 5, -k - 2*q = q - 12. Let j(i) = -i**2 + 10*i - 3. Let v be j(k). What is the highest common factor of 2 and v?
2
Let r be 35/1 - 1*-2. Suppose -4*k + 31 = -r. What is the greatest common factor of k and 153?
17
Let f(m) = m**3 + 7*m**2 - 22*m - 1. Let u be f(-9). Calculate the highest common factor of 105 and u.
35
Let g(o) = 8*o**2 + 4*o. Let k be g(-3). Suppose 2*h + 60 = 4*h. Let j = h - 15. What is the greatest common divisor of k and j?
15
Suppose 5*g - 13 + 3 = 0, 4*g + 62 = -5*r. Let t = -4 - r. What is the greatest common divisor of 50 and t?
10
Let p be -2 - (12/36 + 824/(-6)). Calculate the greatest common divisor of p and 15.
15
Let t(p) = -p + 2. Let b be t(5). Let h be ((-39)/9 - b)*-27. Calculate the highest common divisor of 4 and h.
4
Suppose 0 = -4*b - 3*t - 0*t + 88, -t = 4. Suppose 2*s - q - 10 = 4*q, -b = -5*s - 4*q. Calculate the greatest common factor of 20 and s.
5
Let d = 9 + -1. Let r(u) = 17*u**2 - 1. Let b = 20 + -19. Let k be r(b). What is the highest common divisor of d and k?
8
Let q be (-1576)/(-44) - (-2)/11. Calculate the greatest common factor of 288 and q.
36
Suppose -3*j = 4*r - 184, r = -j - 3*r + 72. What is the highest common factor of 14 and j?
14
Let a be 280/(-100)*(2 + 3)*-1. Calculate the highest common divisor of a and 70.
14
Let u = 13 + -9. Let o = -3 + u. Let g be 2 - (-1 + o) - -9. Calculate the highest common factor of 121 and g.
11
Let b be 4/(-6) - (-74)/3. Suppose 2*p + b = 6*p. Calculate the highest common divisor of p and 18.
6
Let j = -73 - -130. Calculate the highest common divisor of j and 19.
19
Suppose -4*w + 84 = -0*w. What is the highest common factor of w and 14?
7
Let b(k) = 63*k**2 - k + 2. Let c be b(1). What is the highest common factor of 8 and c?
8
Suppose k + 2 = -a, -3*a = -2*k - 0*k + 6. Let y(j) = 13*j + 3. Let g be y(a). Let x = -13 - g. Calculate the highest common divisor of x and 80.
10
Let v = 11 - 6. Suppose 0 = -q + 2*q - v. Let u(n) = 5*n**2 + n + 2. Let r be u(q). Calculate the highest common divisor of 12 and r.
12
Let w(n) = -n**2 - 2*n + 44. Let b be w(0). Calculate the greatest common factor of b and 22.
22
Let x be ((-598)/39)/((-4)/6). What is the greatest common divisor of 23 and x?
23
Let k be (-44)/5*(-15)/2. Let t = 8 + -24. Let z = -10 - t. Calculate the greatest common divisor of z and k.
6
Let o(x) = 7*x - 7. Let a be o(5). Let q = a - 16. What is the greatest common divisor of q and 132?
12
Suppose 7*q = 526 + 104. What is the highest common factor of q and 10?
10
Suppose 5*v - 10*v = 0. Suppose -t + 3*t = -2*n + 2, v = n - 4*t - 26. What is the highest common factor of 6 and n?
6
Let p be 3/(-6) + (-257)/(-2). Suppose -o + 20 = c + 2, c - 3*o - 10 = 0. What is the highest common factor of c and p?
16
Let n(f) = 18*f. Let x be n(8). What is the greatest common divisor of x and 18?
18
Let u(x) = x - 3. Let i be u(6). Suppose -2*z - i*z = -70. Suppose -l = 0, l + 2*l = 5*p - 105. What is the greatest common divisor of z and p?
7
Suppose 0*r + r = -2. Let k = r + 6. Suppose -3*f = -k - 14. What is the highest common divisor of f and 6?
6
Suppose -2*g - 7 = 4*r + g, -r - 4*g = 18. Suppose 4*a - 102 = -5*l + 111, 3*l - r*a = 141. Calculate the highest common factor of 9 and l.
9
Suppose 4 = -n + 2*n. Suppose n*x - 55 = -19. What is the highest common factor of x and 81?
9
Let b(h) = -h**3 + 4*h + 3. Let n be b(-3). Calculate the greatest common factor of 2 and n.
2
Let z(w) = -w + 4. Let c(b) = -2*b + 6. Let y be c(5). Let t be z(y). What is the highest common divisor of t and 8?
8
Let k(g) = 1 + 1 - 3*g + 8*g**2 + 5*g. Let s be k(-2). Calculate the highest common divisor of 12 and s.
6
Let z(u) = 5*u + 2. Let t be z(3). Suppose -4*l + 26 + 246 = 0. What is the highest common divisor of l and t?
17
Let k(m) = -m**2 + 4*m + 3. Let a be k(3). Suppose -9*l + 59 = -49. Let t = l - a. What is the greatest common divisor of 4 and t?
2
Suppose -2*a = 3*a - 50. Let q be (-4)/a + (-536)/(-40). What is the greatest common factor of 91 and q?
13
Let u be (1 - 62/(-8))/((-22)/(-440)). Suppose 2*f - 25 = f. What is the greatest common divisor of f and u?
25
Suppose 5*t + 2*i - 58 = 0, 3*i + i = 3*t - 14. Suppose t - 40 = -6*w. What is the highest common factor of 2 and w?
1
Let s(k) = -k**2 + 8*k - 5. Let o be s(5). Let p = -322 - -472. Suppose -p = -9*t + 4*t. Calculate the highest common divisor of t and o.
10
Let u = 9 + 10. Let x = u + 6. What is the greatest common divisor of x and 5?
5
Suppose -2*o + 10 + 0 = 0. Calculate the highest common factor of o and 5.
5
Suppose -3*f - 22 = -m - 0*f, -4*m - 3*f + 58 = 0. What is the greatest common divisor of m and 16?
16
Suppose t - 4*q = -3, -4*t + 3*q + 9 + 5 = 0. Suppose 0*y = t*y - 40. What is the highest common factor of 12 and y?
4
Suppose 2*a + 6*h = 2*h + 124, -3*a + 2*h = -170. What is the h